 8*k + 54, -5*b + k = -42. Let h(w) be the third derivative of -w**5/60 + 7*w**4/12 - 4*w**3/3 + w**2. What are the prime factors of h(b)?
2, 5
Suppose 4*r + 5*r = 7*r - 30. Let f = 25 + -43. Let x = r - f. List the prime factors of x.
3
Let t = 36 - 34. Suppose t*g - 45 = 19. Suppose -g = -p + 65. What are the prime factors of p?
97
Let a(r) = -1139*r + 39. Let n(u) = 759*u - 26. Let y(g) = -5*a(g) - 7*n(g). List the prime factors of y(2).
751
Let k = 15 + -5. Suppose 12*y = k*y + 218. Suppose -y = -3*a + q, -5*a + q = -94 - 87. List the prime factors of a.
2, 3
Let c(h) = 13*h**3 - 7*h**2 - 3*h + 5. Let t be (-3)/(-6)*-9*(-16)/24. What are the prime factors of c(t)?
2, 71
Let h be 273/(-7)*78/9. Let i(w) = 217*w**3 - w**2 + 1. Let s be i(-1). Let q = s - h. What are the prime factors of q?
11
Suppose -4*q = -3*b + 25217, -2*q + 55631 - 5157 = 6*b. List the prime factors of b.
13, 647
Suppose t = 4*j - 14, 0 = -5*t + 2*j + 2*j + 10. Suppose -2*p + t = p. Suppose -2*f + 3*k + 44 + 29 = 0, 0 = 5*f + p*k - 173. What are the prime factors of f?
5, 7
Suppose 46*g = -85*g + 15*g + 135488. What are the prime factors of g?
2, 73
Suppose -23440 = -6*q + 14570. List the prime factors of q.
5, 7, 181
Let m(l) = 757*l + 77. What are the prime factors of m(22)?
3, 11, 13
Let m = 6587 + -3313. What are the prime factors of m?
2, 1637
Let d(l) be the third derivative of -7*l**6/120 + l**5/30 + l**3/3 + 20*l**2. Let w be d(3). Let o = 241 + w. What are the prime factors of o?
2, 3
Let s(d) = 2*d - 23 + 0*d - 4*d - 5*d. Let w be s(-7). What are the prime factors of w - (0 + -5 + 6)?
5
Let b = -3165 - -2192. Let w = 1861 + b. What are the prime factors of w?
2, 3, 37
Let v(x) = -x**3 + 9*x**2 + 11*x + 2. Let m be v(10). Suppose -13*h + 16 = -m*h. List the prime factors of h/104 - (-21)/78*382.
103
Suppose 37 = 4*o + 17. Suppose m + o = 2*m. Suppose 0 = -m*w + 15, -2*g + 163 = -3*w + 4. List the prime factors of g.
2, 3, 7
Let z = -123949 - -183100. What are the prime factors of z?
3, 19717
Let w = -495 + 493. List the prime factors of (1/w)/(18/(-27576)).
2, 383
Let d(q) = 5*q**2 - 154*q - 37. Let p be d(31). Let h(b) be the first derivative of b**3 - 3*b**2/2 + 10*b + 1. List the prime factors of h(p).
2, 17
List the prime factors of (186494/16 + (-13)/(-104))*(-26)/(-8).
2, 13, 31, 47
Suppose -4*f - 19093 = 5*i + 11012, -5*i - 5 = 0. What are the prime factors of (-2)/(-3) + f/(-21)?
359
Suppose -18*r - 156285 = -45*r + 121518. What are the prime factors of r?
10289
What are the prime factors of 8 + 730/(-90) + 12565176/216?
2, 14543
Suppose 7*o - 114 = -16. Let n(k) = k**3 - 15*k**2 + 14*k - 7. Let l be n(o). Let v(x) = -2*x**3 - 12*x**2 - 15*x - 17. List the prime factors of v(l).
2, 3, 31
Let d(p) = 20*p**2. Suppose 3*k + 4*o = -7, 2*k - 5*k = -2*o - 17. List the prime factors of d(k).
2, 3, 5
Let l(z) = -z**3 + z**2 - z + 57. Let j be l(0). Let v = 61 - j. Suppose -v*g = -39 + 15. List the prime factors of g.
2, 3
Let m = 29 - 24. Let b = 65 - m. Let j = b - -19. List the prime factors of j.
79
Suppose 197734 = -269*b + 2372330. What are the prime factors of b?
2, 43, 47
Let k = -505 - -505. Suppose 2*u - 5*y - 482 = k, 3*u - 3*y = 7*u - 938. List the prime factors of u.
2, 59
Let m be (17/(-2) + (-1)/(-2))/2. Let y be (m - (-2 + -250)) + 4. Suppose 27*w - y = 25*w. List the prime factors of w.
2, 3, 7
Suppose 17678 = 106*w - 58642. What are the prime factors of w?
2, 3, 5
Let m(j) be the third derivative of 25*j**4/12 + 2*j**3 + 7*j**2 + 6. Let y(k) = k**3 + 3*k**2 - k. Let l be y(-3). List the prime factors of m(l).
2, 3
Suppose 2 = 4*n + o - 5, 0 = 2*n - 2*o - 16. Suppose -5*b = n*l - 1763, 110 = b - l - 241. What are the prime factors of b?
2, 11
Let l = 71 + -71. Let y(f) = -f**3 + f**2 + 3*f + 343. What are the prime factors of y(l)?
7
What are the prime factors of 4 + -3 + 3 + 4496/2 + 9?
7, 17, 19
Let b(v) = -17*v - 164. Let i be b(-10). Suppose -i*s + 7790 - 2414 = 0. What are the prime factors of s?
2, 7
Let r be 0/(-25) - (-1 + 1). Suppose 25*k - 21*k - 1348 = r. What are the prime factors of k?
337
Suppose -10 = m + 4*m, m = -5*n + 158. Suppose -2*k - 12 = n. What are the prime factors of (-698)/(-7) + k/(-77)?
2, 5
Suppose -3*l - 17 = -t - l, t - l = 12. Suppose -138 = -2*x + 5*z, -t*x + 3*x + 294 = -z. Suppose -x = q - 2*q. What are the prime factors of q?
2, 37
Let f(a) = 3*a**3 + 45*a**2 + 9*a - 13. Let l be f(-14). Suppose l = 15*t - 3586. What are the prime factors of t?
269
Let z = 23147 - 2152. List the prime factors of z.
5, 13, 17, 19
Let b(h) = 4*h + 28. Let f be b(-7). Suppose 0 = -3*d + o + 177 + 201, d + 3*o - 126 = f. List the prime factors of d.
2, 3, 7
Let w be (-5555)/(-25) - 12/10. Let p = w - -815. What are the prime factors of p?
2, 7, 37
Let p(u) be the first derivative of u**4/4 + 10*u**3/3 + 3*u**2 + 13. Let r be p(-6). Suppose r = 8*s - 444. What are the prime factors of s?
3, 23
Let b(z) = -8 + 5*z**2 + 2 - z**3 + 2*z + 0*z**2. Let c(t) = -t + 9. Let r be c(4). List the prime factors of b(r).
2
Suppose i + 5*v + 124 = -0*v, 5*i + 620 = 2*v. Suppose 2*t - 426 = 28. Let c = i + t. List the prime factors of c.
103
Suppose 10*c - 67*c = 2*c - 2071254. List the prime factors of c.
2, 3, 5851
Let m(b) = -b**2 - b + 2. Let f be m(2). Let l(t) = 19*t**2 + 6*t + 3. What are the prime factors of l(f)?
283
Suppose -154*h = 22*h - 14212084 + 5032100. List the prime factors of h.
43, 1213
Suppose 8*b + 7*b = 68400 + 22545. List the prime factors of b.
3, 43, 47
Suppose 36*n - 117392 = -19328. List the prime factors of n.
2, 3, 227
Let g(u) = 28*u + 118. Let k be g(-4). List the prime factors of 7646/k - (20/(-6))/5.
3, 5, 17
Suppose 8*q + 29 = 5. Let g be q/(-5)*(2 - -3). Suppose 2*d + 0*t - 128 = -5*t, 0 = g*d + 2*t - 181. List the prime factors of d.
59
Let z(s) = 492*s**2 + 52*s - 473. List the prime factors of z(9).
39847
Let d(v) = v**3 - 7*v**2 + 7*v - 7. Let m be d(6). Let h be 7/(7/(-2)) + m + 7. Let k = 10 + h. What are the prime factors of k?
2, 7
Let u(v) = 37*v + 374. Let o(m) = -4*m + 132. Let a be o(34). What are the prime factors of u(a)?
2, 113
Suppose 0*x = -16*x + 1776. Let f = x - -246. What are the prime factors of f?
3, 7, 17
Suppose 104*v + 52176 = 116*v. What are the prime factors of v?
2, 1087
Suppose -6248 = -7*m - m. Let f = -449 + m. What are the prime factors of -4*f/(-48)*9?
3, 83
Suppose 0 = -10*a + 160470 - 15390. Suppose -43*j + a = -4*j. What are the prime factors of j?
2, 3, 31
Suppose -16*l + 13*l = 0. Let t(c) = -c**3 - 12*c - 11*c**2 - 7 + 1 + l - 5. What are the prime factors of t(-10)?
3
Let p(n) = -n**2 - 17*n + 21. Let j be p(-18). Suppose -j*t + 140 = t. Let y = t - 19. List the prime factors of y.
2
Let w(x) = -x**3 + 56*x**2 + 30*x - 43. List the prime factors of w(47).
2, 83
Suppose -3780 = -16*z - 29*z. Let i(d) = -d**3 - 6*d**2 + 8*d + 7. Let x be i(-7). Suppose x = 3*w + z - 513. List the prime factors of w.
11, 13
Suppose 2*o - 27385 = -5*k, -o + 11*k - 12*k + 13694 = 0. List the prime factors of o.
3, 5, 11, 83
Suppose 0*y + 3*y + 948 = 0. Let n = -86 - y. Suppose -3*b + 8*b = n. What are the prime factors of b?
2, 23
Let s = 11417 + -7557. List the prime factors of s.
2, 5, 193
Suppose 0 = -n + 2*a + 33014, -3*n + 115*a = 113*a - 99026. List the prime factors of n.
2, 3, 5501
Let l(m) = m**3 - m**2 + 3*m + 2. Let w be l(2). Suppose -w*v = -16*v + 356. Suppose -2*n = -v + 65. List the prime factors of n.
2, 3
Suppose -o = -4*u - 11 - 16, 4*u = -2*o + 42. Suppose 2*b - l = -1, -5*l + o = -0*b - b. Suppose b*r = 3*r - 126. What are the prime factors of r?
2, 3, 7
Suppose 0 = 47*l - 51 - 372. Suppose 0 = -6*o + l*o - 3489. List the prime factors of o.
1163
Let g(s) = -5*s**2 - 299*s + 33. List the prime factors of g(-32).
4481
Let w = 494 + -1170. Let i = -60 - w. List the prime factors of i.
2, 7, 11
Let w = 3907 - -1119. What are the prime factors of w?
2, 7, 359
Let j be 2 - 9*16/72. Suppose j = -2*t + 2, 0 = -p - 3*t + 637 + 658. List the prime factors of p.
2, 17, 19
Let p = -4656 + 8377. What are the prime factors of p?
61
Suppose 55*k + 78034 = -143327 + 1309261. List the prime factors of k.
2, 5, 23, 43
Suppose 3*f - 48658 = 2*m, -4425 = -5*f + 2*m + 76665. What are the 